e?
True
Is 36711645071 composite?
True
Is 41743951 composite?
True
Is 594492807 composite?
True
Is 23406412901 a composite number?
False
Is 37271466157 composite?
False
Is 631319767 a prime number?
False
Is 1504506541 a composite number?
False
Is 5964794047 composite?
True
Is 600186001 composite?
True
Is 429079589 a composite number?
True
Is 192686281 composite?
True
Is 91838717 a composite number?
True
Is 40774591591 a composite number?
False
Is 28335289709 a prime number?
True
Is 439716019 prime?
False
Is 25543702957 composite?
False
Is 443441981 prime?
True
Is 1232916419 a composite number?
True
Is 650704819 a prime number?
True
Is 12547040717 prime?
True
Is 884652421 prime?
False
Is 83692163 prime?
True
Is 74091931 composite?
True
Is 1787091629 a composite number?
True
Is 5676950821 composite?
True
Is 24986264663 a composite number?
False
Is 8759320001 prime?
True
Is 22206251581 a composite number?
True
Is 30611538857 a prime number?
True
Is 173010427 a prime number?
False
Is 319644089 prime?
True
Is 1468447307 composite?
True
Is 31871545871 prime?
False
Is 52661751 a prime number?
False
Is 759650449 a composite number?
False
Is 38977070017 composite?
False
Is 70965577 a prime number?
True
Is 175711676983 a prime number?
False
Is 295087939 a composite number?
False
Is 361298783 a composite number?
True
Is 94406080031 a composite number?
False
Is 243036823 prime?
True
Is 1608777418 prime?
False
Is 26939202197 composite?
False
Is 8457066701 prime?
False
Is 1423574371 a composite number?
True
Is 578159453 a prime number?
True
Is 51176935487 a composite number?
False
Is 310470289 a prime number?
False
Is 80839887983 prime?
True
Is 13438314689 a composite number?
False
Is 110234354455 a prime number?
False
Is 2262343385 a composite number?
True
Is 7979444491 composite?
True
Is 1205427577 prime?
False
Is 6242498587 a composite number?
True
Is 928234447 composite?
True
Is 2823095909 a composite number?
False
Is 816344371 composite?
False
Is 344987989 a prime number?
True
Is 202670801 a composite number?
False
Is 1009108583 a prime number?
False
Is 1704001231 a composite number?
True
Is 18358885583 composite?
False
Is 14506333727 composite?
False
Is 92439407 composite?
True
Is 493412077 composite?
True
Is 7051726459 composite?
False
Is 74803372895 composite?
True
Is 7120687267 a composite number?
False
Is 7447294531 prime?
True
Is 3196830461 composite?
True
Is 2104848479 composite?
False
Is 2249349965 composite?
True
Is 2079289981 a prime number?
False
Is 15334951127 prime?
False
Is 2184306349 prime?
True
Is 441585629 prime?
True
Is 5960439877 a composite number?
True
Is 701403095 composite?
True
Is 89375405429 prime?
True
Is 2988370745 composite?
True
Is 1839675473 composite?
False
Is 22872807857 prime?
True
Is 49086922891 a composite number?
True
Is 5626632839 a composite number?
True
Is 29013680849 a composite number?
False
Is 2384766311 prime?
False
Is 3532909189 a composite number?
False
Is 121929426527 a composite number?
True
Is 242705681 composite?
True
Is 4856838073 a composite number?
True
Is 14754906791 composite?
False
Is 7782182151 a composite number?
True
Is 1886901437 prime?
False
Is 2256994679 prime?
False
Is 46285695562 a prime number?
False
Is 3752744053 composite?
True
Is 4934340031 a composite number?
True
Is 4469047711 prime?
True
Is 9031926439 a prime number?
False
Is 185758561 prime?
True
Is 1206953711 composite?
True
Is 39865767743 prime?
True
Is 5949758609 composite?
False
Is 20587512079 prime?
True
Is 7325528743 a composite number?
True
Is 114671842193 prime?
True
Is 25735319629 prime?
False
Is 340910025747 composite?
True
Is 6211090159 a composite number?
False
Is 9836516077 a composite number?
False
Is 162406943 a composite number?
False
Is 1415217733 prime?
True
Is 59377598659 composite?
False
Is 1442542883 composite?
True
Is 598558487 a prime number?
False
Is 71667108367 a prime number?
True
Is 58435887271 a prime number?
True
Is 1486712467 a prime number?
True
Is 2552395453 composite?
True
Is 20457542969 a composite number?
True
Is 8798249219 a prime number?
True
Is 176509643 a prime number?
True
Is 473915389 prime?
True
Is 7138849759 a composite number?
False
Is 19395421223 prime?
True
Is 7138288819 a composite number?
True
Is 2531655803 composite?
False
Is 53567147 a prime number?
False
Is 25243018329 prime?
False
Is 6791332231 a composite number?
True
Is 96216355967 composite?
False
Is 1571821507 prime?
True
Is 6498386243 a prime number?
True
Is 6797369261 composite?
False
Is 31984708858 composite?
True
Is 149214743 a prime number?
False
Is 1067708459 a prime number?
True
Is 1742666761 prime?
False
Is 400343519 composite?
True
Is 5896734853 composite?
False
Is 25708337729 composite?
False
Is 50132264615 prime?
False
Is 3279546583 prime?
True
Is 6540562921 prime?
True
Is 6588317363 a composite number?
True
Is 10426871911 a prime number?
False
Is 1756064729 a composite number?
False
Is 4809057709 a composite number?
True
Is 336939050765 a composite number?
True
Is 8409984103 a prime number?
True
Is 3770262907 a prime number?
False
Is 50091023 prime?
False
Is 544994699 composite?
False
Is 1204341757 a prime number?
True
Is 7508048377 prime?
True
Is 1988767153 prime?
False
Is 16902644221 a composite number?
False
Is 2372198117 composite?
False
Is 426453637 prime?
False
Is 8447327171 prime?
True
Is 592236847 composite?
False
Is 6635079883 a composite number?
False
Is 1360252273 a prime number?
True
Is 2042461607 composite?
False
Is 994862257 a composite number?
True
Is 2106338851 prime?
True
Is 15435820847 prime?
False
Is 84848943551 a composite number?
False
Is 6489563191 a composite number?
False
Is 1289472271 a composite number?
False
Is 116801767 composite?
True
Is 28338564497 a composite number?
False
Is 588456997 prime?
True
Is 35254565909 a prime number?
False
Is 159452387 composite?
False
Is 299611883 composite?
False
Is 33330521197 prime?
True
Is 1479532397 a composite number?
True
Is 1581191479 a prime number?
False
Is 3746744893 prime?
False
Is 16291549999 prime?
True
Is 200226571 a composite number?
True
Is 735375043 a composite number?
True
Is 91712580433 a composite number?
False
Is 241495003879 prime?
False
Is 14837521393 prime?
False
Is 33695138461 a composite number?
False
Is 34140173 composite?
True
Is 16710893827 prime?
True
Is 593168991 composite?
True
Is 16266288589 a prime number?
True
Is 2289840577 composite?
True
Is 2707699 prime?
True
Is 1284886409 a prime number?
True
Is 13462928909 composite?
True
Is 323459219 a composite number?
False
Is 101739007 prime?
True
Is 414723359 a composite number?
False
Is 60725050509 a composite number?
True
Is 76220371 composite?
True
Is 829544171 a composite number?
False
Is 1305547433 a composite number?
True
Is 163754476681 a composite number?
True
Is 4971007193 prime?
False
Is 5436957541 prime?
True
Is 136408398997 a composite number?
True
Is 8452282933 prime?
True
Is 552642073 prime?
False
Is 3625560041 a prime number?
False
Is 19424194709 prime?
False
Is 355901773 composite?
False
Is 4946365769 a composite number?
False
Is 9621849019 composite?
True
Is 2063480131 a prime number?
False
Is 836249935 a prime number?
False
Is 824254787 composite?
False
Is 600814231 a prime number?
True
Is 2468344969 a composite number?
False
Is 3060321613 a prime number?
True
Is 17554966213 prime?
True
Is 2971472167 a composite number?
False
Is 835446919 a composite number?
True
Is 1188089443 prime?
True
Is 3833850217 a prime number?
False
Is 8016658121 prime?
True
Is 256780294405 a prime number?
False
Is 1805265181 prime?
False
Is 951341739 a prime number?
False
Is 210585219123 a prime number?
False
Is 23244041 a composite number?
True
Is 10278062287 composite?
True
Is 303941357 composite?
False
Is 1467066641 prime?
False
Is 80960618701 a prime number?
True
Is 2430438729 prime?
False
Is 929725243 composite?
False
Is 1032485777 a composite number?
True
Is 7826230354 a prime number?
False
Is 1466543173 a composite number?
True
Is 254743087 composite?
True
Is 10712567 prime?
False
Is 342538663 a composite number?
False
Is 636242081 a composite number?
True
Is 6171194877 prime?
False
Is 14400656549 a composite number?
False
Is 16719410777 composite?
False
Is 1664487841 a com